3*f**3 - f**3 - f**2 + 5*f**3. Let g be x(0). Let h(m) = g*m + 1 - 3*m - m. Give h(1).
2
Suppose 0 = 3*n + 1 - 16. Let c(j) = 0*j + 8*j - 5 - n*j. Give c(4).
7
Let d(a) = -a**2 - 2*a. Let i = -14 + 20. Let l(k) = -k. Let t(w) = i*l(w) - d(w). Suppose 0 = -s + 2*s - 2. What is t(s)?
-4
Let p(n) = 13*n**2 + 6*n - 5. Let b(u) be the first derivative of -7*u**3/3 - 3*u**2/2 + 3*u - 2. Let h(y) = -5*b(y) - 3*p(y). Determine h(-2).
-10
Suppose 0 = -0*i - 4*i + 8. Let y(r) = -r + 6*r + i - r**2 - 5. Calculate y(3).
3
Suppose 8*p - 2 = 38. Let u(y) = y**2 - 5*y + 4. What is u(p)?
4
Let r(u) = -3*u + 3. Let c = 10 - 4. Let q = c - 3. What is r(q)?
-6
Let s(n) = -n + 2. Let x = -35 + 29. What is s(x)?
8
Let p(k) be the second derivative of k**4/12 - k**3/3 - 3*k. Let z = 0 - -2. What is p(z)?
0
Suppose 6 = -o - 5*k - 21, -4*o + 17 = -5*k. Let t(v) = 8*v + 2. Calculate t(o).
-14
Suppose 8*b = 11*b - 87. Let w = 32 - b. Let d(y) be the second derivative of -y**4/12 + y**3/2 + y. What is d(w)?
0
Let w = 31 - 22. Let k(g) = g**3 - 8*g**2 - 10*g + 5. Calculate k(w).
-4
Let w(p) be the first derivative of 5/2*p**2 - 8 - 2*p + 1/3*p**3. Let n(f) = f - 10. Let g be n(5). Give w(g).
-2
Let m = 0 + 4. Let k(l) = 2 - l + m*l - 1. Give k(1).
4
Let y(x) = -2*x**3 - 5*x**2. Let k(n) = -n**3 - 2*n**2. Let t(w) = 7*k(w) - 4*y(w). Calculate t(-6).
0
Let m(y) = -y**3 - 7*y**2 - 6*y - 5. Let g be 2 - (-12)/8*32/(-6). Determine m(g).
-5
Let w be (0 + -1)*2 + 4. Suppose 0*j + w*j = -4. Let b(i) = 2*i**2 + 2*i + 2. What is b(j)?
6
Let y(l) be the second derivative of l**3/2 + 2*l**2 - 15*l. Let s be (-4 + 2)/((-1)/(-2)). Determine y(s).
-8
Let w(x) = -x**2 - 20*x - 15. Let q be w(-19). Let t(h) = h - 2. Determine t(q).
2
Let y(k) = -40*k - 4*k**2 - 2*k**2 + 5 + 32*k + 3 + k**3. Give y(7).
1
Suppose 1 - 6 = w. Let g(v) = v - 5*v + v + 4*v. Give g(w).
-5
Suppose 11 = 4*y - 3*a + 26, y - a + 3 = 0. Let z(w) = -w**3 - 5*w**2 + 5*w - 5. Give z(y).
1
Let w(o) = -5*o - 9. Suppose 20 = 2*g + 2*t, 0*t - 34 = -3*g - 5*t. Let y(q) = -5 + 0 - 2*q + 2. Let x(v) = g*y(v) - 3*w(v). Calculate x(6).
-3
Let m(s) = 3*s**2 - s + 9. Let k(v) = -8*v**2 + 4*v - 26. Let j(z) = -4*k(z) - 11*m(z). Determine j(-6).
-1
Let h(u) = -2*u - 8. Let j(g) = -3*g**2 - 4*g - 2. Let d be (0 - -1) + 4 + -7. Let l be j(d). Let v be h(l). Let k(c) = c - 9. Calculate k(v).
-5
Let a(f) = f**3 + 4*f**2 - 5*f + 2. Let g(n) = 2*n**3 + 7*n**2 - 9*n + 3. Let v(m) = 11*a(m) - 6*g(m). Suppose 0*h + 9 = 3*h. Calculate v(h).
-8
Suppose x + 3 = -2*p - 0*p, 3*x - 3*p = 0. Let w(m) = -1 + 0*m + 0 + 0 + 9*m. Determine w(x).
-10
Let c be (-4)/(-14) - (-36)/21. Let d(n) = -n - 1. Let a be d(c). Let b(f) = -4 + 0*f - 2*f**2 - f**3 - f**2 - 2*f. Calculate b(a).
2
Let b = 2/41 - -35/123. Let g(z) be the first derivative of -2*z + 1 - b*z**3 - 1/2*z**2 - 1/4*z**4. Determine g(-2).
4
Let q(f) = -f**2 - 5*f - 2. Let h(s) = 6*s**2 + 25*s + 9. Let y(n) = 2*h(n) + 11*q(n). Determine y(6).
2
Let d(y) = 4*y - 7. Let i(z) = -6 + 3*z - z + 0*z + z. Let a(q) = -5*d(q) + 6*i(q). Give a(2).
-5
Let h(c) = c. Let z(p) = -7*p - 5. Let x = 2 - 8. Let w(s) = x*h(s) - z(s). Calculate w(4).
9
Suppose 0 = -3*l + 7*l. Suppose z - 12 = -l*z - 2*x, x = -5*z + 33. Let h(j) = -3*j + 8*j - 1 - j**2 + 0. Determine h(z).
-7
Let r(l) be the third derivative of -1/10*l**5 - 1/12*l**4 + l**3 + l**2 + 0 - 1/120*l**6 + 0*l. Give r(-5).
-9
Let c(q) = 3*q + 3. Let x(p) = -1. Let k(n) = -c(n) - 4*x(n). Let j be k(-1). Let h(t) = t**3 - 3*t**2 - 6*t + 5. Give h(j).
-3
Let i(w) = -14*w - 1. Let k = -104 - -105. Calculate i(k).
-15
Let a(p) = -p**2 + 2*p + 6. Let n = 5 + 1. What is a(n)?
-18
Let k(u) be the second derivative of 0 + 1/2*u**2 - 5*u + 1/6*u**3 + 1/12*u**4. Determine k(0).
1
Let o(l) = 1. Let h(b) = -5*b**2 - b + 8. Let w(z) = 14*z**2 + 3*z - 23. Let n(a) = 17*h(a) + 6*w(a). Let k(y) = n(y) + 2*o(y). Determine k(-1).
-2
Let p(k) be the first derivative of -k**4/4 - 5*k**3/3 + k**2 + 4*k - 1. Let h = -149 - -144. What is p(h)?
-6
Let x(t) = 2*t**2 - 3*t**2 + 4*t**2 + t - 2 + t**3 + 5*t**2. What is x(-8)?
-10
Let w(v) be the first derivative of -v**2/2 + 6*v + 46. Give w(5).
1
Let f(x) be the second derivative of x**7/840 + x**6/120 + x**5/60 + x**4/12 + x**3/3 - 2*x. Let b(i) be the second derivative of f(i). Determine b(-2).
2
Suppose h + 2*a = -3, 0*h - a - 19 = -2*h. Let k = h - 4. Let r(v) = 3 - 5*v - v - k*v**2 - 4 + 2*v**2. Determine r(-5).
4
Let a(i) = i**3 - 2*i**2 - i. Let o = 47 - 17. Let y be 2/(-4) + o/4. Suppose 0 = -z - k + y, 5*z + 4*k - 33 + 2 = 0. Determine a(z).
6
Let o(v) = -7*v**3 + 0 + 1 - 7*v**3. Give o(-1).
15
Suppose 3*q - 1 = 5*a - 28, 0 = 3*q + 12. Let j(p) = 2*p + p**2 - 3*p - 1 + a*p. Determine j(1).
2
Suppose 2*v - 7*v - 122 = -z, -z = 2*v + 46. Let g be 18/v + (-15)/(-4). Let t(l) = l**2 - 5*l + 3. Give t(g).
-3
Let v(d) = -4*d + 7*d**2 - 3*d**2 + d**3 - 3*d. Let t(n) = -12*n + 7. Let w be t(1). Give v(w).
10
Let b be (-3 - 1)*(-6)/3. Suppose -5*a = 4*x - 24, b + 10 = 5*a - 2*x. Let o(v) = v**3 + a - v - 3*v**2 - 3 - 3*v. Calculate o(4).
1
Suppose -c = w + 7, -4*c = 4*w + c + 31. Let m = w + 7. Let v(o) be the first derivative of o**3/3 - 5*o**2/2 + 4*o + 2. Give v(m).
-2
Let h(i) = i**2 + 6*i + 5. Let b be h(-6). Suppose 0 = b*c - 20, 0*c + 21 = y + 5*c. Let g(a) = 2*a. Let q(o) = -o. Let p(n) = 6*g(n) + 15*q(n). What is p(y)?
-3
Let o(q) be the second derivative of q**8/6720 - q**7/2520 - q**5/20 - 5*q**4/4 + 15*q. Let c(i) be the third derivative of o(i). Let h = -1 - -1. Give c(h).
-6
Let j(c) = -1 - 40*c + 0*c**2 + c**3 - 2*c**2 + 38*c - 2*c**3. What is j(-2)?
3
Let b = 9 - 7. Let o be 13/(-3) + b/6. Let j(q) = -q**3 - 3*q**2 + 4*q - 2. Determine j(o).
-2
Let g(l) = -l**2 - l. Let c(h) = 5*h**2 + 3. Let s(p) = c(p) + 4*g(p). Calculate s(3).
0
Let m be ((-5)/(-5))/(3/(-15)). Let g = m - -5. Let d(o) = -o**3 - o - 3. Determine d(g).
-3
Let m(n) = -1. Let w(d) = -d**3 - 5*d**2 + 6*d - 13. Let b(s) = 6*m(s) - w(s). What is b(-6)?
7
Suppose 2*r - 2*z - 6 = r, 21 = 2*r - z. Let m be -2 + (-15)/r*-4. Let i(k) = k**3 - 3*k**2 - 2*k - 1. Calculate i(m).
-7
Let g(n) = 6*n. Let o be 3/12*-4*1. Calculate g(o).
-6
Let m(y) = -y**2 - 4*y**2 - 2 - y**3 + 0*y + 9*y - 4*y. Give m(-6).
4
Let j(o) = -280*o + 282*o + 1 - 2 - 4. Determine j(5).
5
Let o(s) = 3*s**2 + 22*s - 15. Let y(h) = -h**2 - 7*h + 5. Let x(p) = 2*o(p) + 7*y(p). Determine x(-5).
5
Suppose -o + 14 = 3*j, -5*o = 2*j - 3 - 2. Let z(g) = -9*g**2 - g - 1. Calculate z(o).
-9
Let l(g) = -g**2 + 10*g - 4. Suppose -4 = -y - 3*b, 0 = 4*y + 4*b - 3 - 13. Give l(y).
20
Let l(o) = -o**2 + 3*o + 1. Let f be l(5). Let c(a) = -a**3 - 8*a**2 + 11*a + 8. Calculate c(f).
-10
Let c = 2 + 1. Let m(j) = j**2 + j + 1. Let g(q) = 5*q**2 + 2*q + 1. Let o(r) = g(r) - 4*m(r). Calculate o(c).
0
Let p(w) = w. Let x(s) = -5. Let g(q) = 20. Let a(k) = -6*g(k) - 25*x(k). Let r(z) = a(z) - 4*p(z). Give r(4).
-11
Suppose -k = 2*k - 2*t - 65, 4*t = 3*k - 67. Let r be (-69)/k + (-2)/(-7). Let i(a) = -2*a - 3. Determine i(r).
3
Let g(z) = -11*z + 17. Let u(y) = -y + 1. Let x(c) = 4*c - 3. Let j(p) = -6*u(p) - x(p). Let t(b) = -6*g(b) - 34*j(b). Calculate t(1).
-2
Let u(h) = -3*h**2 - h. Suppose 18 = -8*y - y. What is u(y)?
-10
Let i = 4 + -3. Let u(o) = 3*o - 2. Let h be u(i). Let q(x) = -x**3 + x - 1. Give q(h).
-1
Let t be (9*1)/(9/(-6)). Let k = -1 - -9. Let l(u) = -2 + 3 + 1 + k*u + 5 + u**2. Calculate l(t).
-5
Let n(t) = t**2 - 7*t + 5. Let z = 8 + -1. Calculate n(z).
5
Let k(c) = -c**2 + c + 12. Let n be k(0). Let q be ((-1)/3)/((-2)/n). Let y(z) be the first derivative of z**2 - 2*z + 2. What is y(q)?
2
Suppose 7*t + 29 = -13. Suppose 4*q - 26 = -5*o, 2*o + 0*o - 4*q = -12. Let w(k) = 0 - k**o - 2*k - 5*k + 2. What is w(t)?
8
Let f(y) = -y. Let x(t) = -4*t + 7. Let l(z) = -5*f(z) + x(z). Calculate l(-3).
4
Let z(k) = -10*k + 9*k**2 - 6*k**2 + 5*k**2 + k**3 - 9. Let d be z(-9). Let b(c) = -c - 6. Give b(d).
-6
Let l(d) be the third derivative of -d**6/120 - d**5/12 - d**4/24 - d**3/6 - 38*d**2 - 2. What is l(-5)?
4
Let i(r) be the first derivative of 5*r**2/2 - 31. Suppose 0*f - 2 = 2*f. Let o = f - -2. What is i(o)?
5
Let z(i) = -i**2 - 9*i - 8. Let q be z(-7). Let u(v) = -v**2 + 7*v. Determine u(q).
6
